 + -1)/((-3)/534)?
8
Suppose 8 = -0*s + 4*s. Suppose -13 = -5*y + s. Suppose 0 = -3*n - 2*a + 61, y*n - n - 5*a - 9 = 0. What is the units digit of n?
7
What is the units digit of (-10424)/(-2) + 22/(-2)?
1
Suppose 3*h = -12, 10581 = 5*y + 37*h - 36*h. What is the hundreds digit of y?
1
Suppose -4*y = -9*y + 765. Let v = -74 + y. What is the tens digit of v?
7
Suppose 2*f + c + 5 = 0, 0 = -3*c - 12 - 3. Suppose 37 = -f*t + t. Suppose -12 + t = s. What is the units digit of s?
5
Suppose 0*d = a + d - 12, -4*a = 5*d - 52. Suppose 3*h = -3*s + 693, -s - 4*h + 256 = -a*h. What is the units digit of s?
6
Suppose 859 = 26*l - 8345. What is the units digit of l?
4
Suppose h - 3*h = -5*s + 5666, 2*s + 2*h - 2272 = 0. Suppose -7*n - s = -3052. What is the tens digit of n?
7
Let p be (-5)/2*(-40)/25. Suppose 0 = -5*u + p*u + 3. Suppose -t + 51 = -2*a, 5*t = u*a - a + 255. What is the tens digit of t?
5
What is the units digit of (-759950)/(-150) - (-1)/3*2?
7
What is the units digit of (-127)/((-2)/(-7) - (-104)/(-168))?
1
Suppose 5*p - 36 = g, -4*g + 7 = 4*p - 41. Suppose -6*n = -2*n - p. Suppose -c = n*t - 9, -t = -2*c - 4*t + 16. What is the units digit of c?
5
Suppose -j = -3*y + 4, j + 2*y - 1 = 2*j. Suppose -j + 17 = 4*h. Suppose 0*z - h*z + 48 = 0. What is the units digit of z?
6
Suppose 0 = 4*m - 8, -z - 2*m + 35 = -10. Let l = -112 + 89. Let y = z + l. What is the tens digit of y?
1
Let j = -6 + 6. Suppose -2*u + x = -115, j*x + 2*x = 3*u - 171. Let y = -36 + u. What is the tens digit of y?
2
Let b(u) = 12*u**3 - 2*u**2 - u - 21. What is the tens digit of b(4)?
1
Let z = 1232 + -538. What is the units digit of z?
4
Let f = 4 - -11. Suppose -i = 3*z - 0 - 16, f = 2*z + 5*i. Suppose -165 = -z*x - 2*s, -4*s = 5*x - 274 + 99. What is the units digit of x?
1
Let q(r) = 143*r + 44. What is the units digit of q(6)?
2
Suppose -8*w + 471 = x - 3*w, 4*x = 2*w + 1840. What is the units digit of x?
1
Suppose -3 - 129 = -11*y. What is the units digit of y?
2
Suppose -4513 - 2093 = -6*s. What is the hundreds digit of s?
1
Let z be (-1 - 0/1) + (19 - 12). Suppose -z*m - 164 = -10*m. What is the tens digit of m?
4
Suppose 5*y - 8 = 17, -5*q + 85 = 2*y. Let n be (-3 - -2) + 3 + -7. What is the tens digit of 3*(-18)/q*n?
1
Let s be 13/(-3*4/(-12)). Suppose 6*o + i - s = 4*o, -10 = 2*i. Suppose 0 = -f - u + 12, 0 = u + 2*u + o. What is the tens digit of f?
1
What is the tens digit of -4 - (100/(-10) + -276)?
8
Suppose -4*f + 564 = -2*t, 125 = f - t - 14. What is the hundreds digit of f?
1
Suppose q = -4*i + 195, 2*i - 44 = q + 61. Let c = i + 87. What is the hundreds digit of c?
1
Suppose -4*p - 364 = -4*w, -2*w - 273 = -5*w - 4*p. Suppose -3*f + 14 = -w. What is the tens digit of f?
3
Let y = -3975 + 5590. What is the thousands digit of y?
1
Let a be -1*2*(-72 - -3). Let u = a + -14. Suppose -y = -3*z - 35, -4*y + 4*z + u = -0*z. What is the units digit of y?
9
Let s(j) = 14*j**2 - 2*j + 1. What is the hundreds digit of s(6)?
4
Suppose -2*p - x + 2210 = 0, 2*x - 5*x = 3*p - 3315. What is the hundreds digit of p?
1
Let k(u) = -u**2 + 5*u + 12. Suppose 0 = 5*s - 4*a - 93 - 30, 15 = 5*a. Suppose 3*v = 4*t - s, -3*t = -2*v - 3 - 17. What is the units digit of k(t)?
6
Let x(j) = -5*j - 8. Let b be x(-12). Suppose b - 22 = 6*a. What is the units digit of a?
5
Let r(u) = -u**3 + 7*u**2 - 2*u - 2. Let z(x) = -x**2 + 14*x - 3. Let i be z(10). Let a = i + -31. What is the tens digit of r(a)?
2
Let s(f) be the second derivative of f**7/1260 - f**6/360 - f**5/30 - f**4/2 - 8*f. Let l(z) be the third derivative of s(z). What is the units digit of l(-2)?
8
Let r = -1440 - -2735. What is the thousands digit of r?
1
Let d(u) = -15*u**2 - 16*u + 5. Let a(m) = 0 - 3*m - 1 - 5*m + 3 - 7*m**2. Let r(w) = 13*a(w) - 6*d(w). What is the units digit of r(-6)?
8
Let b(u) = -4*u + 20. Let l be b(5). Let t be (-74 + 1 + l)/(-1). Suppose -3*k - t = -2*n, 5*n + k = -0*k + 208. What is the tens digit of n?
4
Let q = -63 - -272. Let b = q + 1. What is the units digit of b?
0
Let o = 394 + -192. Suppose -4*t = -o - 102. What is the units digit of t?
6
Suppose -g + 1 = 4, -2*g - 6 = -2*b. Let i be ((-12)/(-2))/(b + 2). Suppose -3*d = -4*m - d + 44, -6 = -m + i*d. What is the tens digit of m?
1
Suppose 2*q + 0*q + 36 = 0. Let f = q - -21. Suppose 0 = d - 3, -f*h - 2*h + 243 = d. What is the units digit of h?
8
Suppose 7*m + 0*m - 49 = 0. What is the tens digit of (m - 3)/(-4) - (1 - 107)?
0
Let l(f) = f**2 + 10*f + 5. What is the hundreds digit of l(-18)?
1
What is the thousands digit of ((-378)/(-35))/((-38)/(-8075))?
2
Let z = 339 + 118. What is the hundreds digit of z?
4
Let f(a) be the third derivative of a**5/15 + a**4/6 + 9*a**2. Let x be f(3). Suppose g - x = -5*g. What is the units digit of g?
8
Let f = 4593 + -2958. What is the tens digit of f?
3
Let p(k) = 42*k + 10. Suppose 0 = -4*s + 19 + 1. What is the hundreds digit of p(s)?
2
Let c(i) = i + 4. Let z be c(-2). Suppose 3*w - 9 = -z*a, 3 = -4*a + 4*w + 11. What is the units digit of (-6 + a)*(1 + -2)?
3
Let q be 2/((2 - 6)/16). Let k = 17 - q. What is the tens digit of k?
2
Let f be (3/(-12))/(10/8 - 1). Let i(h) = -175*h**3 - 3*h**2 - h + 1. What is the units digit of i(f)?
4
Suppose -2*y = z - 494, 5*y - 137 - 1104 = -4*z. Let s = y - 52. What is the tens digit of s?
9
Suppose 0 = -c + 3. What is the units digit of 1118/22 + c + (-31)/11?
1
Let w = -96 - -99. Suppose -2*f = 2*b - 420, -f = -w - 1. What is the hundreds digit of b?
2
Let f(a) = -a**3 + 6*a**2 + 8*a - 5. Let i be f(7). Suppose 5*b - i*g = 171 + 40, 2*g = 2*b - 82. What is the units digit of b?
3
Suppose -2*j + 3426 - 794 = -3*v, j - 5*v = 1316. What is the hundreds digit of j?
3
Let s = 43 + -4. Suppose -3*w + 48 = -s. What is the units digit of w?
9
Let d(k) = 2*k**2 + 9*k + 9. Suppose -2*u + 0 + 54 = -5*p, -3*u - 4 = p. Let m = p - -4. What is the units digit of d(m)?
7
Let o(u) = -1 + 12*u + 0 - 1. Let x be o(-2). Let s = 39 + x. What is the units digit of s?
3
Let q(i) = -715*i + 133. What is the thousands digit of q(-3)?
2
Suppose 0 = 7*j - 3*j - 24. Let a(k) = 4*k**2 - 3*k + 1. What is the hundreds digit of a(j)?
1
Suppose -3*h + 3*x = 0, 0 = 2*h - h + 2*x + 6. Let w be (9 - -1 - -4) + h. Suppose -11*q = -w*q + 27. What is the units digit of q?
7
What is the thousands digit of (-6 + (-110)/8)/(3/(-168))?
1
Let c be (-1)/3 - 26/(-6). Suppose -3*a + c*n + 2 = -21, -a + 3*n + 6 = 0. Suppose -a*z = -6*z - 69. What is the units digit of z?
3
Suppose 36*l = 28*l + 22096. What is the hundreds digit of l?
7
Suppose p = 5*d + 230, -p + 0*d + 224 = d. What is the units digit of p/(-6)*8/(-12)?
5
Let t(r) = -r**3 + 4*r**2 + 6*r - 7. Suppose 11 = 3*a + 4*b, b + 12 = 2*a - b. Let j be t(a). What is the units digit of (-4)/6*57/j?
9
Let i(b) = -b**2 - 20*b + 7. Let k be i(-21). Let v = k - -185. What is the tens digit of v?
7
Let z(h) = -h**3 + 11*h**2 + h + 3. Let k = -67 + 72. What is the tens digit of z(k)?
5
Let l = 17 + 27. Suppose -l = -g + 64. What is the hundreds digit of g?
1
Let d(b) = -2*b**2 + b + 459. Let y be d(0). Suppose -y = -5*m + 6. What is the units digit of m?
3
Let v = 47 + -42. Suppose v*d - 107 - 3 = 0. What is the tens digit of d?
2
Suppose 101*n - 1112 = 97*n. What is the units digit of n?
8
Let p(m) be the first derivative of m**4/4 + 7*m**3/3 - 7*m**2 - 6*m - 10. What is the tens digit of p(-6)?
1
Suppose 0 = 15*u + 4161 - 17271. What is the tens digit of u?
7
Let n be (-2)/12 - 37/(-6). Let l(z) = z**3 - 3*z**2 - 8*z + 2. What is the tens digit of l(n)?
6
What is the units digit of (-9 - -6)*(-1)/6*2248?
4
Suppose 9074 = 440*n - 414*n. What is the tens digit of n?
4
Let p(o) = o**3 - 6*o**2 - 2*o + 6. Let f be p(6). Let t(z) = -4*z + 10 - 10 + 6 + 8 + z. What is the tens digit of t(f)?
3
Suppose 0*i - i - 29 = 3*l, -2*l = -3*i + 34. Suppose -5*t - 51 = -116. Let p = t + l. What is the units digit of p?
2
Let z(n) = -4*n + 63. Let v(g) = g**2 + 4*g + 7. Let d be v(-2). Let f(s) = -5*s + 63. Let l(j) = d*z(j) - 2*f(j). What is the tens digit of l(0)?
6
Suppose 0 = 4*c - 4, -u + 2*c - 31 = 0. Let d = u + 44. What is the units digit of d?
5
Let x be 4 + (-3)/(-3) - -15. Suppose -3*o - 524 = -5*o + 3*l, -5*l = x. What is the hundreds digit of o?
2